**3 + 0 + 1/5*q**5 + 0*q**4 - 1/2*q**2. Let c(w) = w**2 + 3*w + 1. Let h be c(-3). Give x(h).
5
Let s be 28/42*6/4. Let l = 6 + -2. Let j(w) = -3*w - w - 2*w - l*w. Determine j(s).
-10
Let z(i) = 7 + 3 - 3*i - 2 - i**2 - 1. Let j = 123 + -128. Calculate z(j).
-3
Let w be 4/1 + -7 + -2. Let k(u) = -2*u - 4*u**2 - u**3 + 27 - 21 + 2*u + 4*u. Determine k(w).
11
Suppose -h = -4*g - 6, 0 = 2*h - 6*h - 3*g + 5. Let p(t) = 0*t**2 - 5*t + 7*t + 5*t + 5 - t**h. Determine p(8).
-3
Let v(m) = -3*m - 42. Let a(z) = 11*z + 115. Let k be a(-12). Give v(k).
9
Let t(g) = 70*g - 13 - 38*g - 31*g. What is t(-6)?
-19
Suppose 0*x - 13 = q - x, 2*q - x = -22. Let k(v) = -v**3 - 9*v**2 + 2*v + 10. Give k(q).
-8
Let o(y) be the second derivative of -y**5/20 + y**3/6 + y**2/2 - 2*y - 36. Calculate o(2).
-5
Suppose -41*d + 340 = 27*d. Let s(r) be the second derivative of -3/20*r**d + 1/6*r**4 + 0*r**2 + 7*r + 0 + 1/3*r**3. Give s(2).
-12
Let u(z) = 4*z**2 - 17*z + 10. Let j(r) = -5*r**2 + 22*r - 9. Let p(y) = 5*j(y) + 6*u(y). Calculate p(10).
-5
Let c(t) = 3*t**3 - t**2 - 2*t + 5. Let j = 69 - 41. Let w(k) = -3*k + k - k**3 + k**2 + 3*k - 29 + j. Let d(p) = c(p) + 4*w(p). Determine d(4).
-7
Let s(l) = l**3 - 11*l + 2. Let b(k) = -k**2 + k + 1. Let t(i) = -6*b(i) - s(i). What is t(7)?
-22
Let b be (-8)/(-6)*(-26 + 29). Let j be 2/b*(-48)/6. Let y(o) = o**3 + 2*o**2 - 4*o + 1. Calculate y(j).
-15
Let q be ((-2 - -2)/2)/4. Suppose -5*a + 10 - 5 = q. Let i(v) = -17*v + 1. Calculate i(a).
-16
Let g(x) be the third derivative of -x**7/5040 - x**6/360 + x**5/5 - 4*x**2. Let u(t) be the third derivative of g(t). Let h = -12 + 11. Determine u(h).
-1
Suppose -4*g = 3*b + 11, 26*g + 13 = 24*g - 3*b. Let h(n) = 6*n**2 - 1. What is h(g)?
5
Let r(g) = -1 - 3*g - 7 - 5 - 2 + 17 + g**2. Let c(j) = -j**2 - 8*j + 13. Let k be c(-9). Suppose k*o = -o + 10. What is r(o)?
0
Let v(k) = 4*k - 1. Suppose 2*n = 2*l - 26 - 4, -49 = 3*n - 2*l. Let a = n + 18. Give v(a).
-5
Suppose -27*y = -23*y - 8. Suppose 6 = -y*g - 5*o - 2, -4*o - 8 = 0. Let f(i) be the first derivative of -3*i**4 - i**3/3 + i**2 - i - 1. What is f(g)?
-12
Let g(m) = m**3 + 5*m**2 - 7*m - 3. Let i(h) = 3*h + 1. Let s be i(-2). Let n = 34 + s. Let y = 23 - n. What is g(y)?
3
Suppose -w - 2*w = -21. Suppose 6*x - 2*x = -c + 13, -x - 4*c = -w. Let d(y) = 2*y + 3. Let q(a) = 3*a + 5. Let p(s) = -8*d(s) + 5*q(s). Determine p(x).
-2
Let r(x) = -x. Suppose 0 = -5*o + 3 + 2. Let p = o + -6. Let n(s) = -s**2 + 2*s - 6. Let h(l) = p*r(l) + n(l). Calculate h(7).
-6
Suppose -350*v + 353*v - 9 = 0. Let j(s) = 3*s - 15. Give j(v).
-6
Let u(w) = -w**2 + 6*w + 6. Let m be -2*(-4 + 21/6). Let r be 3 - (m + -4) - 0. Give u(r).
6
Let u be 77/154 - 3/6. Let m(b) = -b**2 - 13. What is m(u)?
-13
Let w(s) = -4*s**3 - s**2 + 2*s. Suppose 8*o - 19 = -35. Give w(o).
24
Let n(p) = p. Let s(k) = -5*k. Let b(d) = 6*n(d) + s(d). Let z = -63 - -56. Let f be z - (20/(-9) + 12/54). What is b(f)?
-5
Let s be -3 - (-3 + 20/(-5)). Let l(a) = s - 5*a - 9*a - 5*a + 17*a. What is l(3)?
-2
Let m(d) = -14*d**3 - d**2 - d + 1. Suppose -5*p = -13*p + 8. Determine m(p).
-15
Let c(k) = 6*k**3 + 28*k**2 - 29*k - 4. Let s(d) = -7*d**3 - 29*d**2 + 30*d + 3. Let g(u) = 6*c(u) + 5*s(u). Give g(-24).
-9
Let h(l) = 5*l**2 - 4*l - 1. Let u(y) = -y**2 + y. Suppose -5*r - 4 = -r. Let d(f) = r*h(f) - 6*u(f). Suppose -3*q = -3*p - 6, 5*q + 1 = -p + 5. Calculate d(q).
0
Suppose 4*u - 280 = 5*o, -3*u = o - 0*o - 210. Suppose -u*m = -65*m - 10. Let a(s) = s**3 - 3*s**2 + 2*s - 3. Give a(m).
-3
Let q(l) = -4*l - 4. Let p be q(-2). Suppose 0 = -2*w + p*z + 12, 2*w + 4*z - 2 = -6. Let u(o) = o + 6*o**w - 4*o**2 + o**3 - 2*o**3. What is u(-1)?
2
Let n(w) = w**2 - 9*w - 14. Let v be 6/7 + 1536/168. What is n(v)?
-4
Let r be 30 + -3 + -1 + 4. Let j = -30 + r. Let m(a) = -a**3 + a + 7. Calculate m(j).
7
Let x(r) = -r**2 + r + 67530 + 0*r**2 - 67521. What is x(7)?
-33
Let y(b) = -1017*b**2 + 1 + 1018*b**2 - 2 + 9 + 16*b - 5. Calculate y(-12).
-45
Let v = 11 + -5. Suppose -v*u = -u - 15. Let f(n) = -3 - u*n + 3 - 8 + 6 - 3*n**2. Calculate f(-2).
-8
Let k(l) be the first derivative of l**3/6 - 3*l**2/2 - l + 1. Let a(h) be the first derivative of k(h). Let z(n) = 9*n - 266. Let t be z(30). What is a(t)?
1
Let m(n) = -n**2 - n - 1. Let g(h) = 7*h**2 + 5*h + 9. Let z = 13 + -12. Suppose 2 = y + z. Let i(b) = y*g(b) + 6*m(b). Calculate i(0).
3
Let a = -5708 - -5707. Let h(z) = 2*z**2 + 1 + 3*z**2 - 2. Give h(a).
4
Suppose -4 = 369*g - 370*g. Let m(q) be the first derivative of 9 + g*q - 1/2*q**2. Give m(-4).
8
Let g(k) = -k - 32. Let s = -860 + 841. Calculate g(s).
-13
Let v(i) = -88*i - 7 + i**2 + 37*i + 40*i. Determine v(11).
-7
Let b be 264/(-42) - (-2)/7 - -1. Let d(t) = t**2 - 5*t + 3. Let r be d(4). Let y(f) = -3*f + 7. Let m(s) = s**2. Let c(l) = r*m(l) + y(l). What is c(b)?
-3
Let r(j) be the third derivative of -j**6/120 + j**5/10 + 3*j**4/8 - 2*j**3/3 - 319*j**2. Calculate r(7).
10
Let o(m) = m**2 + 5*m + 9. Let q = -407 - -401. Calculate o(q).
15
Let p(t) = -t**2 - 7*t - 8. Suppose -5*w + 3*k = 43, -10*w - 12 = -8*w + 4*k. Determine p(w).
-16
Let z(f) = f**3 + 10*f**2 + 8*f - 8. Suppose -5*r + 10 + 0 = 0, -5*m - 5*r - 35 = 0. Calculate z(m).
1
Let q = -52 - -8. Let s be (6/8)/((-11)/q). Let d(l) = -l**2 + 2*l + 1. What is d(s)?
-2
Let l(z) = -4*z - 31. Let k be l(-17). Let a = k + -39. Let m(x) = 8*x**2 - 3*x - 4. Let b(i) = -4*i**2 + 2*i + 2. Let v(g) = -7*b(g) - 4*m(g). Determine v(a).
-10
Let n(q) be the second derivative of -q**3/6 + 9*q**2/2 + 27*q. What is n(4)?
5
Let c be 0 + -4*2/(-8). Let b(x) be the first derivative of -2 + 5/2*x**2 + 0*x. Give b(c).
5
Let f(k) = -k - 1. Let r(p) = 12*p - 4. Let d(a) = -a + 1. Let b(q) = 3*d(q) + r(q). Let o be b(2). Let w = o - 14. Determine f(w).
-4
Let n(g) = g**2 + 4*g - 1. Suppose -9*u + 5*u - 16 = 0. Let s be (60/(-48))/((-1)/u). Give n(s).
4
Suppose -3*w = -5*o + 141, w + 216 = -4*w + 2*o. Let d be 1*6/(-4) - 21/w. Let r(x) = 2*x + 1. Calculate r(d).
-1
Let c(y) = -8*y**3 + y**2 - 3*y - 3. Let s be c(-1). Let k(o) = -1 - o**3 - s*o**2 + 1 + 13*o + 15. Calculate k(-10).
-15
Let f(c) = -c**3 + c. Let n = -8 - -14. Suppose -2*p + 8 = n. What is f(p)?
0
Let p(b) = b**2 + 2. Let y(d) = 5*d**2 + 8*d. Let l(c) = -6*p(c) + y(c). What is l(6)?
0
Suppose -3*t - 44 = -5*b, -t - 18 = -2*b - 2. Let h(g) = -g**3 - 9*g**2 - 6*g + 10. Give h(t).
-6
Let t be 0 + (-2)/6 + (-231)/(-99). Let q(r) = -r**3 + 13*r**t - 5*r**2 + 2*r - 6*r**2 + 4. Suppose 0 = -f - 3*f + 12. Calculate q(f).
1
Let p(n) = 7*n - 90 + 99 + 4*n. Determine p(-2).
-13
Let k(u) = u**2 + 5*u + 5. Let m = 202 - 206. Calculate k(m).
1
Suppose -138*g + 133*g = -40. Let x(s) = 4*s - 1. Determine x(g).
31
Let g(p) = -1 - 2*p - 2*p + 5 - 4*p. Give g(-3).
28
Let x(l) be the third derivative of -l**6/120 - 7*l**5/60 + l**4/3 - 2*l**3/3 - 727*l**2. Calculate x(-8).
-4
Suppose -h - 3 = -6. Suppose -2*d - h*d = -10. Let c(f) = f**3 - 4*f**2 + 1. What is c(d)?
-7
Suppose -5*f = -4*z - 163, -14 = f + 5*z - 64. Let j be 7/f - 63/15. Let v(n) = -2*n**2 - 3*n + 3. Determine v(j).
-17
Let d(y) = 2*y**2 - 8*y + 4. Suppose 7 = -4*z + 27. Let i be (-3)/9 + 4/12. Let b = z + i. Determine d(b).
14
Let i(s) be the first derivative of s**6/360 + s**5/24 + s**4/12 - s**3/3 - 12. Let t(n) be the third derivative of i(n). Calculate t(-5).
2
Let m be (-3)/(-1 - -1 - 6*(-7)/42). Let i(w) = -9*w**2 - 7*w - 2. Let c(f) = 4*f**2 + 3*f + 1. Let o(v) = -7*c(v) - 3*i(v). Calculate o(m).
-10
Let a be -1*(-9)/(-6)*-2. Let h be (9 + a)*3/12. Let m(r) = -r**2 + 4*r - 4. Determine m(h).
-1
Let r be ((-80)/(-200))/((-1)/20). Let g(i) = i**2 + 7*i - 7. Calculate g(r).
1
Let a(y) = 6*y - 151. Let p be a(25). Let c(u) = 8*u + 1. Give c(p).
-7
Let x be (-8 + 3)*(-4)/(-4). Let g(h) = h**2 - 2*h + 4. Let f(r) = 2*r**2 - 4*r + 9. Let m(k) = x*g(k) + 3*f(k). What is m(5)?
22
Let y(j) be the first derivative of 2*j**3/3 - 3*j**2 - 3*j + 262. Calculate y(6).
33
Suppose -w + 16 = 2*w - 4*f, -3*w = 4*f - 8. Suppose -3*o + 10 = -11. Let d(j) = 2*j**2 + w*j**2 - o*j**2. Calculate d(0).
0
Let h be (-336)/189 - (-2)/(-9). Let p(y) = y - 3. Calculate p(h).
-5
Let f be -2 + 4*1 + -1. Let v(x) be the second derivative of 3/10*x**5 + 0 + 13*